digit of 5255557?
7
What is the hundreds digit of 330281?
2
What is the units digit of 1787542?
2
What is the hundreds digit of 3337646?
6
What is the units digit of 249303?
3
What is the hundreds digit of 263886?
8
What is the ten millions digit of 15454644?
1
What is the millions digit of 31317568?
1
What is the hundred thousands digit of 3942069?
9
What is the thousands digit of 2943974?
3
What is the hundred thousands digit of 442770?
4
What is the tens digit of 511704?
0
What is the hundred thousands digit of 5377804?
3
What is the ten thousands digit of 4001547?
0
What is the hundreds digit of 35667118?
1
What is the hundreds digit of 6126749?
7
What is the hundreds digit of 32795?
7
What is the ten thousands digit of 58698?
5
What is the millions digit of 34825785?
4
What is the hundreds digit of 1106229?
2
What is the hundreds digit of 253224?
2
What is the tens digit of 929909?
0
What is the units digit of 895995?
5
What is the millions digit of 20638246?
0
What is the hundreds digit of 265580?
5
What is the units digit of 74279?
9
What is the hundreds digit of 7062523?
5
What is the hundreds digit of 555665?
6
What is the ten thousands digit of 290574?
9
What is the thousands digit of 550623?
0
What is the ten thousands digit of 27745714?
4
What is the thousands digit of 1538520?
8
What is the tens digit of 2228188?
8
What is the ten millions digit of 10743909?
1
What is the thousands digit of 5113784?
3
What is the units digit of 63990?
0
What is the tens digit of 6217?
1
What is the units digit of 700098?
8
What is the tens digit of 1971645?
4
What is the hundred thousands digit of 19979038?
9
What is the tens digit of 32382541?
4
What is the hundred thousands digit of 2512976?
5
What is the thousands digit of 360864?
0
What is the tens digit of 41010292?
9
What is the tens digit of 178570?
7
What is the tens digit of 775893?
9
What is the ten thousands digit of 36718?
3
What is the hundreds digit of 4722075?
0
What is the millions digit of 2406959?
2
What is the hundreds digit of 24642?
6
What is the hundred thousands digit of 1601038?
6
What is the ten thousands digit of 27969271?
6
What is the ten thousands digit of 4594008?
9
What is the ten millions digit of 30416146?
3
What is the ten thousands digit of 203729?
0
What is the tens digit of 157094?
9
What is the hundred thousands digit of 17587316?
5
What is the tens digit of 2361243?
4
What is the hundred thousands digit of 3136848?
1
What is the hundred thousands digit of 465328?
4
What is the thousands digit of 462348?
2
What is the hundred thousands digit of 2141885?
1
What is the thousands digit of 1023005?
3
What is the thousands digit of 3168408?
8
What is the ten millions digit of 15714348?
1
What is the thousands digit of 1150390?
0
What is the hundred thousands digit of 755771?
7
What is the units digit of 1820736?
6
What is the hundreds digit of 1412364?
3
What is the hundreds digit of 129334?
3
What is the units digit of 8533441?
1
What is the units digit of 5560440?
0
What is the units digit of 85003?
3
What is the units digit of 298756?
6
What is the thousands digit of 4613387?
3
What is the hundred thousands digit of 1388112?
3
What is the hundred thousands digit of 335006?
3
What is the ten thousands digit of 870912?
7
What is the millions digit of 17291037?
7
What is the ten thousands digit of 172838?
7
What is the units digit of 7439932?
2
What is the hundreds digit of 25216?
2
What is the thousands digit of 69490?
9
What is the millions digit of 1624671?
1
What is the millions digit of 1472460?
1
What is the tens digit of 51604?
0
What is the units digit of 936495?
5
What is the hundreds digit of 7468921?
9
What is the ten thousands digit of 6500139?
0
What is the ten millions digit of 32731926?
3
What is the tens digit of 517790?
9
What is the hundreds digit of 1055705?
7
What is the hundreds digit of 3614641?
6
What is the hundreds digit of 162738?
7
What is the tens digit of 11539671?
7
What is the hundred thousands digit of 3029617?
0
What is the ten thousands digit of 1458295?
5
What is the tens digit of 1325320?
2
What is the hundred thousands digit of 1831454?
8
What is the ten thousands digit of 396263?
9
What is the units digit of 470851?
1
What is the hundred thousands digit of 20264412?
2
What is the ten thousands digit of 3910063?
1
What is the ten thousands digit of 67044?
6
What is the hundred thousands digit of 876640?
8
What is the hundreds digit of 8129514?
5
What is the millions digit of 1582968?
1
What is the hundred thousands digit of 2845587?
8
What is the hundreds digit of 4693381?
3
What is the millions digit of 2198698?
2
What is the millions digit of 2629853?
2
What is the ten thousands digit of 720761?
2
What is the ten thousands digit of 187427?
8
What is the hundred thousands digit of 258256?
2
What is the thousands digit of 1520425?
0
What is the units digit of 12973277?
7
What is the hundreds digit of 83906?
9
What is the millions digit of 4390990?
4
What is the hundred thousands digit of 15375045?
3
What is the thousands digit of 509991?
9
What is the hundred thousands digit of 981442?
9
What is the millions digit of 1695384?
1
What is the ten thousands digit of 4448437?
4
What is the thousands digit of 621824?
1
What is the thousands digit of 3391033?
1
What is the tens digit of 294984?
8
What is the ten thousands digit of 608747?
0
What is the units digit of 1209894?
4
What is the thousands digit of 260373?
0
What is the hundred thousands digit of 419209?
4
What is the ten thousands digit of 2888313?
8
What is the thousands digit of 59614?
9
What is the millions digit of 1514811?
1
What is the hundreds digit of 77627?
6
What is the ten thousands digit of 2776653?
7
What is the thousands digit of 356040?
6
What is the units digit of 7454187?
7
What is the hundred thousands digit of 126131?
1
What is the ten thousands digit of 329288?
2
What is the tens digit of 8484956?
5
What is the units digit of 166371?
1
What is the ten millions digit of 20314179?
2
What is the hundreds digit of 69441?
4
What is the units digit of 340619?
9
What is the hundreds digit of 15320282?
2
What is the ten millions digit of 36026602?
3
What is the hundreds digit of 17200977?
9
What is the hundred thousands digit of 1564137?
5
What is the units digit of 677977?
7
What is the tens digit of 237932?
3
What is the tens digit of 7503392?
9
What is the millions digit of 3951124?
3
What is the units digit of 802545?
5
What is the tens digit of 713782?
8
What is the thousands digit of 11587972?
7
What is the thousands digit of 55249?
5
What is the hundreds digit of 297006?
0
What is the ten thousands digit of 1798722?
9
What is the millions digit of 4927640?
4
What is the ten thousands digit of 4539648?
3
What is the hundreds digit of 16660504?
5
What is the thousands digit of 8061159?
1
What is the millions digit of 3658262?
3
What is the hundred thousands digit of 4948231?
9
What is the hundreds digit of 5289339?
3
What is the millions digit of 2026336?
2
What is the millions digit of 4240756?
4
What is the hundred thousands digit of 13045833?
0
What is the hundred thousands digit of 2883280?
8
What is the units digit of 768580?
0
What is the tens digit of 8108078?
7
What is the thousands digit of 16871678?
1
What is the hundreds digit of 29934262?
2
What is the hundreds digit of 42375?
3
What is the millions digit of 1551343?
1
What is the thousands digit of 110549?
0
What is the units digit of 3547762?
2
What is the thousands digit of 111784?
1
What is the hundreds digit of 338078?
0
What is the ten thousands digit of 1711855?
1
What is the hundreds digit of 5476096?
0
What is the ten thousands digit of 673826?
7
What is the units digit of 249525?
5
What is the tens digit of 21511397?
9
What is the hundred thousands digit of 284135?
2
What is the tens digit of 286296?
9
What is the thousands digit of 64788?
4
What is the thousands digit of 368095?
8
What is the hundred thousands digit of 936898?
9
What is the units digit of 336017?
7
What is the hundreds digit of 314544?
5
What is the ten thousands digit of 1153649?
5
What is the units digit of 5926115?
5
What is the units digit of 2762780?
0
What is the ten thousands digit of 2351475?
5
What is the